remainder when 12 is divided by g?
2
Suppose 0 = -4*d - 8 + 36. What is the remainder when 25 is divided by d?
4
Suppose -5*r + 870 = g, 4*g - 372 - 133 = -3*r. Calculate the remainder when r is divided by 34.
5
Suppose 5*k = 2*k + 18. Let f = k + -1. Suppose -160 = -f*r + i, 0 = i + 1 - 6. What is the remainder when r is divided by 9?
6
Suppose -3*f - 7 = -1. Suppose -11 = q + 5*v, -6*q + 3*v = -2*q - 2. Calculate the remainder when 11 is divided by q/f + 45/6.
3
Suppose 0 = 2*s + 5*l - 63, -5*s + 3*s + l = -81. Calculate the remainder when 86 is divided by s.
8
Suppose 0 = -11*c + 6*c - 80. Let h = c - -30. Calculate the remainder when h is divided by 8.
6
Let q(s) = 153*s + 14. What is the remainder when 67 + 0 - (-4)/2 is divided by q(0)?
13
Suppose 6*g - 12*g = -246. What is the remainder when 163 is divided by g?
40
Let w(i) = 3*i**2 - i + 6. Let x be w(3). Suppose 0*h = 3*h - x. Let c = h - -6. Calculate the remainder when 63 is divided by c.
15
Let m = -34 - -48. What is the remainder when 81 is divided by m?
11
Let o(v) = 2*v + 3. Let i be o(-7). Let c = 14 + i. Suppose l + 94 = 2*s + c*l, 5*s + 4*l - 239 = 0. What is the remainder when s is divided by 13?
12
Let i be -1*(-4 - 32/(8/(-2))). Let d(s) be the first derivative of -s**3/3 - 9*s**2/2 - 2*s + 1. Calculate the remainder when 53 is divided by d(i).
17
Let b(y) = -y**3 - 10*y**2 - 9*y + 9. Let t(g) = g**2 - 4*g + 8. Calculate the remainder when t(6) is divided by b(-9).
2
Suppose -3*f + 63 = -27. What is the remainder when (14/(-4))/(4/(-168)) is divided by f?
27
What is the remainder when ((-8415)/12)/17*32/(-12) is divided by 90?
20
Suppose 0*c + 15*c = 1065. Let x = -91 + 128. What is the remainder when c is divided by x?
34
Let i(l) = 41*l**2 - 3*l + 2. Suppose -5*h + 8 = 3*h. What is the remainder when i(h) is divided by 11?
7
Let f(k) = -2*k**3 - 8*k**2 - 4*k + 1. Let g(c) = -c + 68. What is the remainder when f(-5) is divided by g(53)?
11
Suppose 6*u - 18*u = -96. What is the remainder when 117 is divided by u?
5
Let p(i) = -3*i**3 + 5*i**2 - 9*i + 7. Let r(o) = -2*o**3 + 3*o**2 - 5*o + 3. Let w(g) = 3*p(g) - 5*r(g). What is the remainder when 78 is divided by w(3)?
24
Suppose 286 = 2*j + r, -143 = -j - 0*r + 3*r. Calculate the remainder when j is divided by 25 + (-3 + 1)/(12/6).
23
Suppose 0 = 3*n - n - 28. Suppose -m = -5*d + 204, 5*d = -73*m + 68*m + 180. What is the remainder when d is divided by n?
12
Suppose 2*x = 4*g - 46, 15 - 68 = -5*g + 4*x. What is the remainder when 205 is divided by g?
10
Suppose 0*m + 4 = -h + 2*m, 0 = 4*h + 5*m + 55. Let c = 16 - -1. Let a = c + h. What is the remainder when a is divided by 4?
3
Let y(x) = x**3 + 8*x**2 - 7*x + 35. Calculate the remainder when y(-9) is divided by 8.
1
What is the remainder when (40/(-24) - -5)/(2/33) is divided by 14?
13
Let x be ((-4)/(-6))/(-3 + 50/15). Let o be 16*(-3)/(-2)*1. Suppose -j + o = x*j. Calculate the remainder when 21 is divided by j.
5
Let f be (-45)/(-60) + 162/8 + 0. Calculate the remainder when 81 is divided by 9/3 + f + 4.
25
Let a(r) = 8*r**2 + 10*r + 2*r**2 - 9*r**2. Let d be a(-10). Suppose -2*i - i + 78 = d. What is the remainder when i is divided by 9?
8
What is the remainder when (-4 - -3) + (-342)/(-9) is divided by 22?
15
Let q be 7/(-21) + 4225/3. Suppose 16 = 5*r + 6, -q = 5*a + r. Calculate the remainder when (3/6)/((-3)/a) is divided by 25.
22
Let c = 3 - -6. Let l(x) = x**2 - 5*x + 18. Suppose -3*h - 2*h + 9 = a, 0 = -5*a - 2*h + 68. Calculate the remainder when l(c) is divided by a.
12
Calculate the remainder when 105 is divided by 2*-1*4*11/(-4).
17
Suppose 4*f - 15 = -5*x + 2*f, f = -3*x + 9. Suppose 2*k = x*k - 6. Suppose d = k*d - 80. What is the remainder when 30 is divided by d?
14
Suppose w = -4*b - 4*w + 254, 8 = 4*w. What is the remainder when 182 is divided by b?
60
Suppose -7*a + 4*a = -156. Let j = a + -40. Calculate the remainder when j is divided by 3.
0
Let l(b) be the third derivative of -b**4/24 + 5*b**3/6 - 2*b**2. Let p be l(6). Calculate the remainder when 19 is divided by p*1*(-7 - 3).
9
Let z(c) = c**2 - 10*c - 103. Calculate the remainder when 121 is divided by z(17).
9
Calculate the remainder when 67 is divided by 2 + 5 - 10 - -17.
11
Let w(t) = t. Let n be (-16)/(-5)*(-25)/(-10). Let d be w(n). Suppose 6*l = d*l - 20. What is the remainder when 18 is divided by l?
8
Suppose -12*a + 13*a - 5*y = 47, -3*y = a - 7. Calculate the remainder when 102 is divided by a.
14
Suppose -122 = -4*f - 5*v - 1, f - 2*v - 40 = 0. What is the remainder when f is divided by (1/(-2))/(1/(-36))?
16
Suppose 0 = -53*o + 71*o - 36. Suppose -4*r + 5*r - 3 = 0. Suppose -4*d + 44 = 2*y, -o*d + 44 = 2*d + r*y. Calculate the remainder when 53 is divided by d.
9
Suppose i + i = 216. Suppose -2*y = -2*x - i, -4*y = -7*y + x + 156. Calculate the remainder when y is divided by 26.
25
Let f(r) = r**3 - r + 57. Let t be ((-7)/2 + 2)/(43/(-86)). Suppose -t*g + 13 + 17 = 0. What is the remainder when f(0) is divided by g?
7
Let h(x) = x**3 + 4*x**2 - 4*x - 1. Let p(m) = 39*m + 806. Calculate the remainder when p(-20) is divided by h(-4).
11
Let j = -10 + 20. Suppose -4 + j = 2*r. Suppose 6*k - 3*k = 21. What is the remainder when k is divided by r?
1
Let a(z) = 2*z**2 + 12*z - 43. What is the remainder when 128 is divided by a(4)?
17
Let v(h) = h**2 + 4*h - 1. Let r = 299 + -202. What is the remainder when r is divided by v(3)?
17
Let i = 1524 + -1077. Calculate the remainder when i is divided by 28.
27
Suppose -8 + 308 = -6*v. Let q = v - -127. Suppose -3*s - q - 43 = -5*j, -3*j - 3*s = -96. What is the remainder when j is divided by 15?
12
Suppose 120 + 1158 = 18*b. Calculate the remainder when b is divided by 3.
2
Suppose -3*p + 3*w = -27, 0 = 110*p - 111*p + 2*w + 12. Let c = 52 - 11. What is the remainder when c is divided by p?
5
Suppose -27 = -0*f - f. Suppose 15*r = 1102 + 488. Calculate the remainder when r is divided by f.
25
Let d = 29 + -10. What is the remainder when 89 is divided by d?
13
Let o be (132/(-11))/((-2)/(-42)). What is the remainder when 59 is divided by (-2)/(-6)*o/(-7)?
11
Suppose -6 = t - 2*a, 2*t + 18 = -t + 4*a. Calculate the remainder when 73/7 + (-12)/(-21) is divided by 1*3/(t/(-8)).
3
Suppose 5*v - 13 = -h + 4, -2*v + 3*h = 0. Suppose -244 = -k - 5*w, 4*w = v*k - 0*w - 808. Suppose k = 5*q + 19. What is the remainder when q is divided by 25?
24
Suppose -g + 14 = f, -4*g = -2*f + 3*f - 29. Suppose 5*i = -0*j + j - 19, -3*i + f = 0. What is the remainder when j is divided by 7?
6
Let k = -20 + -282. Let s = k + 466. What is the remainder when s is divided by 33?
32
Let u = 1 + 1. Let w(z) = 3*z**2 + 2*z + 1. Let f = 2377 + -2310. Calculate the remainder when f is divided by w(u).
16
Suppose 0 = 3*t - 5*u - 496, -19*t - 2*u = -21*t + 332. Calculate the remainder when t is divided by 12.
11
Suppose -3*i = 3*u - 405, -5*i + 671 = u - 16. Calculate the remainder when i is divided by 42.
12
Suppose -2*z = -4*z + 32. Let o(y) = 4*y**3 - 4*y**2 - 3*y. Calculate the remainder when o(3) is divided by z.
15
Suppose 4*r + 12 + 0 = 0. Let c(q) = q**3 + 4*q**2 - 3*q + 4. Let t be c(r). Calculate the remainder when t + 1 - 1*2 is divided by 8.
5
What is the remainder when 862/10 - 25/(1375/(-44)) is divided by 18?
15
Let q = -29 - -35. Suppose -2*n + q*n + 2*l = 24, 36 = 5*n + l. What is the remainder when 31 is divided by n?
7
Let q(g) = -3*g - 24 + 6 + 3*g**2 + 5. Calculate the remainder when 34 is divided by q(3).
4
Suppose -3*k - 4*s + 30 + 18 = 0, k = 4*s. What is the remainder when k is divided by 3/(-6)*(-3 - 9)?
0
Let y be ((-22)/1)/(22/(-198)). Suppose -y = -8*b - 78. Calculate the remainder when 116 is divided by b.
11
Let o(b) = 110*b - 6693. Suppose -10 = 2*v, 417 = l + 2*l - 3*v. What is the remainder when l is divided by o(61)?
15
Suppose 37*u - 272 = 21*u. Calculate the remainder when 50 is divided by u.
16
Suppose -b = -4*b + 15. Suppose b*z + 6 = 6*z. What is the remainder when 14 is divided by z?
2
Let q(v) = 4*v**2 - 3*v - 16. What is the remainder when 242 is divided by q(4)?
26
Suppose 26 + 184 = 15*x. Let f(i) = 2*i**3 - 10*i**2 + 9*i + 4. What is the remainder when f(7) is divided by x?
11
Let l = -2 + 109. Let v = l - 180. Calculate the r